mon divisor of w and z.
10
Suppose 0 = 3*m + 5*q - 2*q - 3, 5 = 5*m - q. Let a be -3*((-234)/27)/m. What is the greatest common divisor of 2 and a?
2
Let c = 13680 + -10108. Calculate the greatest common factor of 38 and c.
38
Suppose 0 = 5*o + 4*s + 4, -1 + 3 = -2*o - 2*s. Let x be (o + -75)*((-22)/(-6) - 4). Calculate the greatest common factor of x and 75.
25
Let s be (-120)/(-520) + 2190/(-26). Suppose -2*o + 444 = o. Let x = o + s. Calculate the highest common factor of 16 and x.
16
Suppose 6*c = 5*h + 324776 - 116238, -10 = -5*h. Calculate the highest common divisor of 18 and c.
18
Let j = -137 + 17. Let x be ((-28)/10)/(6/j). Let l = -596 - -610. Calculate the highest common divisor of x and l.
14
Suppose p + 2*d = 137, 693 = 4*p + d + 166. Suppose -5*m + o + 319 = 0, 2*m - 30*o = -33*o + p. What is the greatest common factor of m and 48?
16
Suppose 3*t + 11 - 26 = 0. Let p(a) = t*a - 21*a + a. Let r be p(-1). Calculate the highest common divisor of 120 and r.
15
Suppose 2*q + 27*c - 24*c + 7 = 0, 4*c = 4*q - 36. Calculate the greatest common divisor of 10228 and q.
4
Let u = 660 - 464. Suppose 0 = 15*n + 13*n - u. Calculate the highest common divisor of 175 and n.
7
Let k = -3605 + 7637. What is the highest common factor of k and 42?
42
Let x be (52/6)/((-2)/(-6)). Let d = -322 + 313. Let l be 6*(33/d + 8). Calculate the greatest common divisor of l and x.
26
Let t be ((-2)/(-4)*6)/((-471)/(-628)). What is the highest common divisor of t and 6712?
4
Suppose -7*q - 27 = -132. Let a(i) = 2*i**3 + 3*i**2 - i. Let g be a(2). Let w be 82/g + 6/(-39). What is the highest common factor of w and q?
3
Suppose 215*d = -10*d + 1800. Suppose -3*p - y + 767 = 0, -5*p = 5*y - 2*y - 1277. What is the greatest common divisor of p and d?
8
Let j be (4 - 2) + (0 - -48). Let t = -31 + j. Suppose -5*y + 620 = 5*h, 398 - 1081 = -5*h + 2*y. What is the highest common factor of t and h?
19
Let h = 12069 - 11965. What is the greatest common factor of 1053 and h?
13
Suppose 6*g - 384 - 18 = 0. Let n = -65 + g. Calculate the highest common divisor of 34 and n.
2
Suppose 0 = 5*x + 3*o - 905, -7*x + 9*x = -o + 364. Let y be 151/9 + (-4)/(-18). Calculate the highest common divisor of y and x.
17
Suppose -5*g + 0*g + 45 = 4*z, 2*z + 10 = 0. Let u(l) = 3*l**2 + 2028*l + 16136. Let c be u(-8). What is the highest common factor of g and c?
13
Let f = -40589 + 40751. What is the highest common factor of 8298 and f?
18
Let z be ((-7)/4 - -1)/((-120)/320). Suppose z*c = -1 + 47. Calculate the highest common factor of 115 and c.
23
Let i(g) = 626*g - 622*g + 1 - g**2 + 12. Let d be i(0). Suppose -5*f + d*f = 16. Calculate the highest common divisor of 16 and f.
2
Suppose 60*n - 63*n + 3*z + 4332 = 0, 2*n - 2894 = 4*z. What is the highest common factor of 187 and n?
11
Let m be 3*1/((-3)/(-50)). Let f be (-18)/4 - -4 - (19 - (-1445)/(-10)). Calculate the greatest common divisor of f and m.
25
Let r = -5 - 4. Let n(g) = -6*g - 45. Let l(c) = 2*c + 15. Let d(i) = -14*l(i) - 4*n(i). Let b be d(r). Calculate the highest common factor of 21 and b.
3
Suppose -2*k - 5 - 4 = -j, 0 = 4*j - 3*k - 46. Let t = 52 - 50. Suppose r = -t*r + 390. What is the highest common divisor of j and r?
13
Suppose -2*b + 4 = 4*v, 3*b - 100*v = -104*v + 6. Let o be (-1)/4 + (-33)/(-4). What is the greatest common factor of b and o?
2
Let g = -75 + 155. Let h = -125 - -127. Let j be (h/6)/(-1 - 62/(-60)). What is the highest common factor of g and j?
10
Let o be 1/2*(220 - 0). Let u(r) = r**3 + 8*r**2 - 46*r + 51. Let g be u(-12). Suppose g*z + 671 = 88*z. Calculate the greatest common divisor of z and o.
11
Let j = -4799 - -5975. Calculate the greatest common factor of 240 and j.
24
Let y(z) = 5*z**2 + 16 + 0*z**2 + 17 - 30. Let r be y(-2). Let j(q) = -75*q - 110. Let b be j(-3). Calculate the greatest common divisor of r and b.
23
Suppose -21*q + 89 = -37. Calculate the greatest common divisor of q and 1614.
6
Suppose 13*z - 18 = 4*z. Suppose -5*x = z - 952. What is the greatest common factor of 10 and x?
10
Let q(f) = -f**3 + 4*f**2 + 5. Suppose 0*l = 6*l - 24. Let g be q(l). Let h = 2114 - 2094. Calculate the greatest common divisor of g and h.
5
Let w be (-64)/(-352) + ((-2)/22)/(1/(-9)). What is the highest common divisor of 5791 and w?
1
Suppose -2*l + 5*l - 231 = 0. Let v = 8852 + -8841. Calculate the greatest common divisor of l and v.
11
Let i(l) = 8*l**2 - 4*l - 2*l - 6*l**2. Let f be i(4). Suppose 0 = f*p - 17 - 7. What is the highest common divisor of 33 and p?
3
Suppose 3*q - 11 - 7 = 0, 4*h - 78 = -3*q. Let m = -1 - -1. Suppose t - h = -m*t. Calculate the greatest common divisor of t and 60.
15
Let g be 10 + 528/(-55) - 83/(-5). Let y = 93 - -94. What is the highest common factor of g and y?
17
Suppose 92 = 5*z - 2*f - 18, -5*z + 75 = 5*f. Suppose z = 4*t - 24. Suppose 9*y + 195*y = -72*y + 3036. Calculate the greatest common divisor of t and y.
11
Let n(v) = 203*v + 733. Let f be n(5). What is the greatest common divisor of 207 and f?
23
Let a = -250 - -253. Suppose 5*o - 1165 = -5*b, 1115 = 5*b - 2*o - a*o. What is the highest common factor of b and 19?
19
Suppose 4*h = d + 37876, -64*h - 18928 = -66*h - 2*d. What is the highest common divisor of 36 and h?
36
Suppose 11*a = 24*a - 91. Let u(d) = -4*d**2 + 34*d + 24. Let b be u(a). What is the greatest common divisor of 44 and b?
22
Let h(q) = 6*q - 45. Let f be 10/15 + (-25)/(-3). Let t be h(f). Suppose -5*a + 1540 = t*a. Calculate the highest common divisor of 165 and a.
55
Let r be ((-533)/52 + 13)/(2/8). Let y(z) be the third derivative of z**4/2 - 6*z**3 + z**2. Let n be y(r). What is the highest common divisor of n and 12?
12
Suppose -2*w - 596 + 176 = 3*s, -3*s - 852 = 4*w. Let g = w - -225. Calculate the highest common factor of 33 and g.
3
Let z(s) = -113*s + 7806. Let k be z(69). Calculate the highest common divisor of k and 23211.
9
Let w be -2 - -1*170 - -2. Suppose -2*n - 3*u = -35, -u - 693 = 4*n - 738. Calculate the greatest common divisor of n and w.
10
Let h(f) = f**2 + 3*f - 8. Let q be h(-5). Let g(d) = -13*d + 3*d**q + 4 + 4 + 14. Let b be g(11). Calculate the greatest common factor of 22 and b.
22
Let a(x) = -x**3 - 6*x**2 - 7*x. Let g be a(-5). Suppose 9*b + g = -512. Let p = -50 - b. Calculate the greatest common factor of p and 72.
8
Let r be (77/6 + (-4)/(-8))*(-192)/(-160). Let v = 320 - 216. What is the highest common factor of r and v?
8
Let l = 3786 + -3793. Let i = -17 - -34. Let g = i + l. What is the highest common divisor of g and 2?
2
Let h = -1596 - -1780. What is the highest common divisor of 1150 and h?
46
Suppose c + 16 = -3*v, 0 = -4*c - 0*v - v - 31. Let l = -13 - c. Let u be (-30)/(-4) - l/(-4). Calculate the highest common divisor of u and 6.
6
Suppose 30 = -15*d + 120. Let c be 0*(0 - (-3 - -2)). Let b(v) = v**3 - v**2 + v + 18. Let q be b(c). Calculate the greatest common factor of q and d.
6
Suppose 3*k + 11*x - 14*x = 48, 2*x = k - 23. Let p = 60 - -81. Suppose -5*y = -2*q - p, -3*q - 12 = q. What is the highest common factor of y and k?
9
Let c = 316 + 23. Let u = c - 336. Calculate the highest common factor of u and 3.
3
Let s(r) = r**2 + 47*r - 593. Let q be s(-58). What is the highest common factor of q and 855?
45
Let d be 2/(2/(-6)*-2). Suppose 0 = -3*q + d + 12. Suppose 3*b = 0, -q*f - 2*b = -b - 25. What is the greatest common factor of f and 55?
5
Suppose -278*w + 281*w = 4*d - 31940, -5*w + 15918 = 2*d. Calculate the greatest common divisor of d and 79.
79
Let p(r) = -r**2 + 18*r + 46. Let z be p(18). Suppose -n - z = -3*g - 6*n, 8 = -g + 3*n. What is the greatest common factor of 119 and g?
7
Suppose 71*j + 3277 = 12436. Calculate the highest common divisor of j and 96.
3
Suppose 3*w = -x + 141 - 5, -2*w + 534 = 4*x. Let t(v) = -458*v + 954. Let q be t(2). Calculate the highest common divisor of q and x.
19
Suppose -62*i + 66*i - 186267 = 3*m, -2*i + m + 93133 = 0. Calculate the greatest common divisor of i and 18.
18
Suppose -2*a - 3*m - 7 = 0, -m + 5*m + 8 = -3*a. Let v be a/26 + 4483/13. Calculate the greatest common divisor of 15 and v.
15
Let j be -21 - (-7 - (9 - -43)). Calculate the highest common divisor of j and 6574.
38
Let q(z) = -z**2 - 25*z - 58. Let n be q(-13)